= -a**2 - 9*a + 5. What is the remainder when 7 is divided by o(-9)?
2
Let n = -101 + 135. What is the remainder when 168 is divided by n?
32
Let o be 95/(-15) + (-1)/(-3). Let i = -2 - o. What is the remainder when 8 is divided by i?
0
Let z = 51 + -26. Suppose 5*h - z - 25 = 0. Calculate the remainder when h is divided by 3.
1
Suppose 3*s = 19 + 20. Suppose 5*q = -0*q - 555. Calculate the remainder when q/2*(-2)/3 is divided by s.
11
Calculate the remainder when 27 is divided by 6/4 + (-136)/(-16).
7
Let d(u) = -10*u**3 + u**2 - u - 1. Let h = 4 + -6. Let f be (h/6)/(2/6). Calculate the remainder when 20 is divided by d(f).
9
Let s = -24 + 39. Let n = 10 + s. What is the remainder when 73 is divided by n?
23
Let n = 10 + -2. Suppose -2*r - 3 = -h, -3 = 2*r - 4*r - h. Suppose 2*x - n = -3*s + x, -s - x = r. Calculate the remainder when s is divided by 2.
0
Let b be 6/2*5/3. Suppose -b*o = -8*o + 54. Let d = 24 + 10. Calculate the remainder when d is divided by o.
16
Let w be 6/(-4) + (-52)/(-8). Suppose -4*x + 5*r + 148 = 0, -2*x + w*r = -36 - 28. What is the remainder when x is divided by 11?
9
What is the remainder when 47 is divided by (-253)/(-15) - 12/(-90)?
13
Let w = 13 - 5. What is the remainder when 13 is divided by w?
5
Suppose -4*v = -8*v + 116. What is the remainder when v is divided by 6?
5
Suppose 5*i - 2*n - 11 = 0, -13 = -0*i - 3*i - 2*n. Let f(h) = 7*h - 3*h - i*h + 4. What is the remainder when 35 is divided by f(8)?
11
Let b(h) = -65*h + 11. Let o(w) = 32*w - 5. Let c(d) = -6*b(d) - 13*o(d). Calculate the remainder when c(-1) is divided by (-25)/(-3) + (-12)/(-18).
7
Suppose -2*o - 2*o + 28 = 0. Suppose 20 = -4*z, o = d - 4*z - 15. Suppose d*t - 20 = 4*v, -3*v + 50 = t + 4*t. What is the remainder when 29 is divided by t?
9
Let d be 2/(-4) + 0 + 69/(-6). Let g = 5 - 7. Let k = g - d. Calculate the remainder when 29 is divided by k.
9
Suppose 3*m - 3 = -3*s, -2*s + 6*s = 2*m + 34. What is the remainder when 22 is divided by s?
4
Let k(n) = 6*n**2 - 3*n + 2*n**3 - n**3 + 1 + 2*n**2 - 4*n**2. Let z = -11 + 18. Calculate the remainder when k(2) is divided by z.
5
What is the remainder when 92 is divided by (31*1/(-2))/(5/(-10))?
30
Let i = -110 + 169. Calculate the remainder when i is divided by 22.
15
Let m(y) be the third derivative of -y**4/6 + y**3/6 - y**2. What is the remainder when m(-1) is divided by ((-42)/(-56))/((-6)/(-16))?
1
What is the remainder when 42 is divided by -7 + 15 + (-2 - -5)?
9
Suppose 0 = -3*l - 3*s + 28 + 5, -3*l = 4*s - 35. Let k(p) = 8*p**2 - 5*p + 4 + p**3 + 6 - 2*p**3. Calculate the remainder when k(7) is divided by l.
6
Suppose -4*m + 14 = 2, 0 = -4*l + 3*m + 87. Calculate the remainder when (-52)/(-2)*36/l is divided by 20.
19
Let d(m) = 6*m**2 + m + 1. Let l be d(-1). Suppose -13*c + 95 = -256. Calculate the remainder when (-1)/3 - (-320)/l is divided by c.
26
Let h(b) = b + 5. Calculate the remainder when h(7) is divided by 3.
0
Suppose -10 = -2*s - 5*f, -s - 5*f + 5 = -f. Calculate the remainder when s is divided by 4.
1
Let g be (0 - -1) + 1 + -22. Let j be (-16)/(-10) - 8/g. Suppose 0 = u + j*n - 15, -4*u - n = -2*n - 69. What is the remainder when 50 is divided by u?
16
Let p(q) = 3*q**3. Let v be p(1). Let a = -2 + v. Calculate the remainder when 38 is divided by a/4 + (-51)/(-4).
12
Let q(k) = -81*k**3. Let i = -16 + 37. What is the remainder when q(-1) is divided by i?
18
Let t = -10 - -23. Let v = -116 - -181. Let w = v + -41. Calculate the remainder when w is divided by t.
11
Let v = 7 - -129. Suppose 2*f - 14 - 168 = 0. Suppose -3*u - 3*o = -8*o - v, -3*o = -2*u + f. What is the remainder when u is divided by 12?
11
Suppose -q + 6 = -9. Calculate the remainder when q is divided by 3*(-2 - -2 - -3).
6
Suppose -5*z + 5*i - 3*i + 65 = 0, 2*i - 23 = -3*z. Let n(g) = -4*g**2 + 2*g - 4. Let f be n(-3). Let t = f + 67. What is the remainder when t is divided by z?
10
Suppose l + 5 = 5*l - 5*o, -29 = -4*l - 3*o. Suppose -l*w + 41 = -34. What is the remainder when 42 is divided by w?
12
Let h(t) = -t**3 + 6*t**2 + 9*t - 9. Let d be h(7). Suppose -d*l + 67 + 68 = 0. What is the remainder when l is divided by 14?
13
Let i(t) = -t**3 - 7*t**2 - t + 1. Suppose -4*k + z + 3*z = -40, 5*k - 4*z - 45 = 0. Suppose k*b + 27 = -8. Calculate the remainder when 14 is divided by i(b).
6
Suppose n - 8 = 1. Suppose 5*j + 221 = 611. Calculate the remainder when ((-4)/(-3))/(4/j) is divided by n.
8
Let i(a) = -a**2 + 2*a - 1. Let s be i(2). Let q be (s/1 - 2) + 2. What is the remainder when q/3 - 97/(-3) is divided by 11?
10
Let j(y) = 11*y - 1. What is the remainder when 1*3*(-27)/(-3) is divided by j(1)?
7
Suppose 0 = 2*h - 2*x - 52, 4*x + 22 = 5*h - 105. What is the remainder when 45 is divided by h?
22
Let u(p) = p**2 + 3*p. Let s be u(-4). Let b = -2 - -12. What is the remainder when s/2*38/4 is divided by b?
9
Suppose 0 = 4*t - t - 15. Suppose 5*w - 1 = 9, t*h + 2*w = 99. Let x(k) = -7*k + 2. What is the remainder when x(-5) is divided by h?
18
Suppose -40 + 2 = -3*o + q, 0 = 5*o - 4*q - 54. Let t = -11 + 19. What is the remainder when o is divided by t?
6
Let f(c) = -2*c + 10. Let u be f(13). Let x = u - -20. Suppose 0 = w - 6*w + 10. What is the remainder when x is divided by w?
0
Suppose -3*j - b - 5 = -14, -4*j - 4 = -4*b. What is the remainder when 3 is divided by j?
1
Let k = 68 - 31. Calculate the remainder when k is divided by 13.
11
Suppose j - 3 = 0, 1 = 4*f - 5*j - 0. Let w be (f/8)/(1/(-12)). Let q = 0 - w. What is the remainder when q is divided by 4?
2
Let w(q) = -2*q**3 - 6*q**2 + 9*q + 12. Let o(f) = f**3 - f**2 - 1. Let d(b) = 3*o(b) + w(b). What is the remainder when d(8) is divided by 6?
5
Let f be (-106)/(-10) - 2/(-5). Suppose f - 22 = -p. Calculate the remainder when p is divided by 6.
5
Calculate the remainder when (-4)/(-2) - (-118 + 10) is divided by 37.
36
Let a(w) = 2*w**3 - 4*w**2 - 2*w + 6. What is the remainder when (18/(-15))/(2/(-55)) is divided by a(3)?
15
Let c = 160 + -101. Calculate the remainder when c is divided by 10.
9
Let n be (1*3)/((-12)/(-16)). Let y = 1 + n. Suppose -1 = -g - 4*u - 6, -5*g + 9 = 3*u. Calculate the remainder when y is divided by g.
2
Suppose 4*z - 67 + 7 = 3*y, -5*z + 3*y + 78 = 0. Suppose -5*x + 270 = 5*k, 2*x - 51 = -3*k + 58. What is the remainder when x is divided by z?
17
Let w(m) = -m**2 + 13*m - 8. Let x(j) = -6*j - 6. What is the remainder when w(7) is divided by x(-4)?
16
Let q = 92 - 52. Suppose 6*b = b + q. Calculate the remainder when 31 is divided by b.
7
Let r(u) = -u. Let a be r(-6). Let y(x) = 18*x - 6. Let l be y(a). Let t = -49 + l. Calculate the remainder when t is divided by 18.
17
Let l = -33 - -73. What is the remainder when l is divided by 21?
19
Calculate the remainder when 3/(-4) - (-28)/16 - -191 is divided by 39.
36
Let n = -102 + 121. What is the remainder when 53 is divided by n?
15
Suppose -30 - 50 = -5*x. Suppose 0 = -4*l + x + 48. Calculate the remainder when 62 is divided by l.
14
What is the remainder when 27 is divided by 2/(-5) + 1352/130?
7
Let h(z) = -60*z**3 + 3*z**2 + 4*z. Calculate the remainder when h(-1) is divided by 12.
11
Let r = -10 + 29. What is the remainder when 56 is divided by r?
18
Suppose 3 = l - 15. Let s = -2 + 15. Let d = 23 - s. What is the remainder when l is divided by d?
8
Suppose -240 = -5*x + d, x - 4*d - 67 = -0*d. Calculate the remainder when x is divided by 25.
22
Suppose 0 = 2*m + 2*m - 16. Suppose 0 = 3*h - 3*j - 31 - 56, -m*h = 2*j - 128. Calculate the remainder when h is divided by 8.
7
What is the remainder when 57 is divided by (-2)/6*-46 + 13/(-39)?
12
Let a = -7 - -11. Suppose a*o + 8 = 5*o. What is the remainder when 22 is divided by o?
6
Suppose 0*j = 3*j + 5*i - 151, -5*j + 301 = -4*i. Calculate the remainder when j is divided by 15.
12
Let i = 33 + -20. Calculate the remainder when 62 is divided by i.
10
Let m(u) = 4*u - 7. Let c be m(7). Suppose 0*x - c = -x. Calculate the remainder when x is divided by 12.
9
Let o(p) = -p + 8. Suppose 0*v = -v + 15. Calculate the remainder when v is divided by o(0).
7
What is the remainder when (-4)/(-12)*(-2 + 161) is divided by 14?
11
Suppose 0*g - z + 7 = 2*g, z = -1. Suppose 0 = g*l - 12, 4*o = -4*l + 30 + 14. Calculate th